is divided by f?
5
Suppose -2*d = -5*d + 144. Calculate the remainder when d is divided by 17.
14
Suppose -3*n = 3, -3*n = -4*c + 5*c - 49. What is the remainder when 4/14 - c/(-14) is divided by 3?
1
Let t(w) = -29*w + 5. Let g be t(-7). Let p = -144 + g. Calculate the remainder when p is divided by 13.
12
Let f = 78 + -47. Let b = f + -5. What is the remainder when b is divided by 9?
8
Suppose -4*q = -2*a + 10, 3*a + 2*a = 2*q + 9. Let w = a - -1. Calculate the remainder when (-112)/(-49) + (-6)/21 is divided by w.
0
Let r = -9 - -17. Let j(q) = -15*q + 12. Let d(n) = -4*n + 3. Let f(y) = 22*d(y) - 6*j(y). Calculate the remainder when 29 is divided by f(r).
9
What is the remainder when 49/5 - 5/(-25) is divided by 14/(-4)*(-48)/56?
1
Suppose 0 = -2*o - o + 51. Calculate the remainder when o is divided by 10.
7
Let n = 193 - 77. Calculate the remainder when n is divided by 39.
38
Suppose 4*x + 3*z - 22 - 134 = 0, 0 = -3*x + 5*z + 146. What is the remainder when x is divided by 11?
9
Suppose 5*w - 48 = -168. Let x = -12 - w. What is the remainder when 21 is divided by x?
9
Suppose -2*c = -3*z + 7*z - 26, 5*z - 2*c - 55 = 0. Suppose 21 + z = 5*s. Let i = -3 + s. What is the remainder when 5 is divided by i?
2
Let h = -131 - -150. Let f = -10 + 15. Calculate the remainder when h is divided by f.
4
Suppose -9 = -3*f - 0. Let z(p) = -p**2 - 4*p + 7. What is the remainder when f is divided by z(-5)?
1
Let a(g) = 2*g - 7. What is the remainder when 36 is divided by a(10)?
10
Suppose 2*v - 3*c = -v + 90, -2*v - 2*c + 68 = 0. Calculate the remainder when v is divided by 9.
5
Let r(h) = 2 + 0 + 0 + 2*h. Let q be r(-4). What is the remainder when (-1 - q) + -1 + 0 is divided by 2?
0
Suppose -5*p - 50 = -170. What is the remainder when 46 is divided by p?
22
Let r(n) = n**3 - 7*n**2 - 4*n - 21. What is the remainder when 48 is divided by r(8)?
4
Suppose 3*i + k + 18 = 0, k - 6*k - 15 = 0. Let r = i - -13. What is the remainder when r is divided by 4?
0
Let n be 7 - ((-2)/(-1) + -2). Let l(c) = c**2 - 5*c + 7. Let i be l(7). Suppose g - i = -n. Calculate the remainder when 26 is divided by g.
12
Let x = 41 + -24. Let j(w) = 10*w**2 + 4*w - 1. Let g be j(-4). Suppose h = -2, -5*o + 5*h + 112 + g = 0. What is the remainder when o is divided by x?
15
Suppose 0 = x - 2*x + 18. What is the remainder when 89 is divided by x?
17
Let d be -21*(-2 - 2/(-2)). Let m = 33 - d. Calculate the remainder when m is divided by 3.
0
Let x(r) = r**2 + 5*r - 3. Let t be x(-6). Let i be (-4)/(-14) + 24/14. Suppose 0 = i*k + t*k - 40. What is the remainder when k is divided by 3?
2
Suppose -5*a + 25 = -5*w, 5*a = a - 5*w - 7. Let f be (0 + 6)*a/4. What is the remainder when (13/f)/(3/9) is divided by 5?
3
What is the remainder when -1 + -5 + (40 - -5) is divided by 7?
4
Let o = 194 + -77. Calculate the remainder when o is divided by 15.
12
Let n(f) = -f**2 - 29*f - 40. What is the remainder when n(-26) is divided by 20?
18
Let u(b) = -b + 4. Calculate the remainder when 17 is divided by u(-5).
8
Let i be (1 - 0)*(-1 - -2). Calculate the remainder when ((-2)/3)/(i/(-12)) is divided by (-14)/(-2)*1 + -2.
3
Let u(n) = 5*n**2 + 6*n + 6. Suppose -3*t + 23 = -4*c, 5*t - 47 = 3*c - 5*c. Calculate the remainder when u(-3) is divided by t.
6
Suppose 6 = -3*g - 6. Let q = g + 10. What is the remainder when 49 is divided by q/33 - 370/(-22)?
15
Let b = -107 + 164. What is the remainder when b is divided by 30?
27
Let l = 19 + -9. What is the remainder when l is divided by 4?
2
Let o = 12 - 9. Let j = -1 + o. Calculate the remainder when 5 is divided by j.
1
Let x = -16 + 19. What is the remainder when 15 is divided by x?
0
Let p(g) = -g**3 - 4*g**2 - 2*g + 3. Let a be p(-3). Suppose a = -w - 1 + 2. What is the remainder when 2 is divided by w?
0
Let u = 36 - 14. What is the remainder when (-3)/9 + (-194)/(-6) is divided by (-4)/u + 378/22?
15
Suppose 3 = -2*k + 5*w - 16, 5*w = -5*k + 5. What is the remainder when k + 1 + 1 + 29 is divided by 8?
5
Suppose -5*f - 16 - 15 = -2*o, f + 2 = -o. What is the remainder when 8 is divided by o?
2
Let f(p) = p + 1. Let y(b) = -24*b + 4. Let x(k) = -4*f(k) + 2*y(k). Let g be x(-3). Suppose g = 2*l + 3*l. What is the remainder when l is divided by 17?
15
Let f = 7 + 6. What is the remainder when f is divided by 3?
1
Let f(h) = h**3 + 9*h**2 + 7. Calculate the remainder when f(-8) is divided by 20*1 - (0 - -2).
17
Calculate the remainder when 42 is divided by 105/14*(1 - -1).
12
Let f(z) = z**2 - 9*z - 15. Suppose -n = 2*t - 2*n - 22, -5*t + n = -58. What is the remainder when 82 is divided by f(t)?
19
Suppose 0 = -5*z + 5*l + 6 + 49, -33 = -3*z - l. Suppose n + 5*k - 11 = 0, 2*n + k - 70 = 3*k. Calculate the remainder when n is divided by z.
9
Let a(p) = -p + 11. Calculate the remainder when (6 - 2) + (97 - 2) is divided by a(-6).
14
Calculate the remainder when 1 + -6 - -23*3 is divided by 24.
16
Let d be 0/((1/(-1))/1). Let r be (d - 2)*(1 + -2). Suppose r*f + 39 - 121 = 0. What is the remainder when f is divided by 21?
20
Calculate the remainder when 41 is divided by 4/(-30)*-69*(-30)/(-12).
18
Let j be ((-8)/(-3))/((-8)/(-12)). Let w(t) = -t**3 + 4*t**2 + 2. Let k be w(j). Suppose 8 = 3*s - k*s. Calculate the remainder when 15 is divided by s.
7
Suppose -24 - 8 = -2*l. Suppose -2*s = -3*s + l. Calculate the remainder when 1*(12*4 - 2) is divided by s.
14
Suppose -4*h - 8 = 0, -j - 2*j - 3*h = -42. Calculate the remainder when j is divided by 5.
1
Suppose -x + 2*x = 0. Let z be 1 - (2 + -1 + x). Suppose -a + 4 = -z*a. Calculate the remainder when 14 is divided by a.
2
Suppose 8 = 5*m - 7. What is the remainder when 2 + m/(6/58) is divided by 8?
7
Let t(r) = r**3 - 12*r**2 + 11*r. Let s be t(11). Calculate the remainder when 37 is divided by s/1 + 1 + 9.
7
Suppose -m + 15 = 3*o, 5*m - m - 28 = -4*o. Suppose -2*z = -2*h + 30, 3*h - 5*h + 31 = -z. Calculate the remainder when 2/4 + 88/h is divided by o.
2
Let u(q) = q**3 + 5*q**2 - 2*q + 1. Let i(v) = v**3 + 6 - 9*v**2 + 7*v - 1 + 1 - 1. Let k be i(8). Calculate the remainder when u(k) is divided by 13.
12
Suppose 2*l = 3*r + 9, -2*r - l + 4 = -3*r. Let q = r - -6. Let t(k) = k**3 - 5*k**2 + 3. What is the remainder when t(q) is divided by 2?
1
Let m = 3 + 1. Let x = 0 + m. Calculate the remainder when x is divided by 3.
1
Let r(i) = -2*i + 4. Let v be r(-3). Suppose g = 2*g + 3*n + 6, 2*n = -3*g + v. What is the remainder when 15 is divided by g?
3
Suppose 0 = -3*g - 5*m - 7, -5*m = 5*g - 4 - 1. Let y = g + -4. Calculate the remainder when (-1 + 35)/(-1 + y) is divided by 12.
10
Let p(z) = -35*z + 2. Let a = -17 - -16. What is the remainder when p(a) is divided by 20?
17
Suppose r - 5*r + 172 = 0. Calculate the remainder when r is divided by 15.
13
Suppose 2*l - 96 = 76. Suppose 0*s = -2*s + l. Suppose 0*f = -2*f + 22. What is the remainder when s is divided by f?
10
Suppose -3*l - 5*j - 2 = 0, -2*l - 2*l + j = 18. Let b be 8*(-2 - (-3 - 0)). Let p = l + b. What is the remainder when p is divided by 3?
1
Let n = 37 + 41. What is the remainder when n is divided by 16?
14
What is the remainder when 21 is divided by 4 - (-4 + 4 + -7)?
10
Let z(l) = 7 + 2*l + 2 - l - 5. Calculate the remainder when 29 is divided by z(11).
14
Suppose 2*o + 26 = -0. Let x = o - -29. What is the remainder when 46 is divided by x?
14
Suppose -3*o - 4*k + 36 = 0, 14 = -o + 2*o + 2*k. What is the remainder when 54 is divided by o?
6
Let i(o) = -o - 2. Suppose -10*r + 20 = -8*r. Let g = r + -3. Calculate the remainder when g is divided by i(-5).
1
Suppose 4 + 3 = -i. Let g = i + 28. Let a = g + -14. What is the remainder when 19 is divided by a?
5
Suppose 0 = -2*t - 5*t + 217. What is the remainder when 89 is divided by t?
27
What is the remainder when 67 is divided by (-1)/4*-1 - (-165)/12?
11
Let u be (12/(-14))/(2/(-14)). Suppose 5*p - u - 4 = 0. Suppose -6*v + 36 = -p*v. What is the remainder when 17 is divided by v?
8
Suppose 0 = 3*f + 6*a - a - 20, 0 = 4*f + 5*a - 25. Let v be ((-34)/(-8))/(1/(-4)). Let q = v - -34. Calculate the remainder when q is divided by f.
2
Let a(s) = -2*s - 9. Suppose 3*d = -10*d + 104. Calculate the remainder when d is divided by a(-6).
2
Let x = -36 + 53. What is the remainder when 31 is di